 What is the units digit of j?
0
Let b be ((-222)/5)/(28/(-70)). Suppose -5*n + b = 3*j - 1281, -4*j - 283 = -n. What is the hundreds digit of n?
2
Suppose 4*f + 54418 = 10*s, 0 = -5*s - 5*f + 17444 + 9786. What is the hundreds digit of s?
4
Let t(d) = -d**2 + d + 57. Let u be t(11). Let i = 464 + u. What is the hundreds digit of i?
4
Suppose -5*k + 354 = 2*h, 0 = -5*k - h - 71 + 423. What is the units digit of (6 - k/8)*-300?
5
Let j = 172 - 151. Let s = 245 + j. What is the tens digit of s?
6
Let i(q) be the second derivative of -47*q**4/6 + q**3/3 - 2*q**2 + 17*q. Let a(v) = -v + 1. Let k(o) = -4*a(o) - i(o). What is the tens digit of k(1)?
9
Suppose -329140 = 18*t - 50*t + 499404. What is the thousands digit of t?
5
Suppose -3*w + 273 = 4*w. Suppose -46*s + w*s = -1589. What is the tens digit of s?
2
Suppose 0 = -5*p - 4*v + 62899, 50*p + 113151 = 59*p - 4*v. What is the units digit of p?
5
Let u = -396 - -484. What is the tens digit of (-1466)/(-3) - (u/(-12) - -7)?
8
Let k(t) = -55*t - 40. Let m(f) = -f**3 + 13*f**2 + 16*f - 28. Let y be m(14). Let g(l) = -l**2 - 11*l - 3. Let w be g(y). What is the hundreds digit of k(w)?
1
Let k(l) = 30*l**2 - 14*l + 68. What is the thousands digit of k(15)?
6
What is the thousands digit of 11/(11/7915) - -5?
7
Suppose 75*c = 9*c + 1621528 + 853208. What is the thousands digit of c?
7
Let b(k) = -36*k - 2. Let y(p) = p**2 - 10*p + 26. Let u be y(4). Suppose -7 = -o - 3, m + u*o - 6 = 0. What is the tens digit of b(m)?
7
Suppose -5*r + 25 = 3*k, 2*r - 34 = -r + 2*k. Suppose h - 5*h - 1312 = -4*m, 2*m - 664 = 4*h. What is the tens digit of (r/(-16))/((-2)/m)?
8
Let x be (-41)/4*(9 + (-40)/8). Let b(k) = -k**3 - 40*k**2 + 33*k + 46. What is the units digit of b(x)?
4
Let b = -247 + -25. Let n = 527 + b. Let v = n - 142. What is the units digit of v?
3
Let m(d) = -4*d - 3. Let l be m(7). What is the tens digit of 52/(-12)*3*l?
0
Let q = -125 + 125. Suppose -4*t + 2047 - 559 = q. What is the tens digit of t?
7
Let q(r) = -18*r + 158 - 165 + 11*r + 24*r + 33*r. Let w = 8 - 6. What is the tens digit of q(w)?
9
Suppose 3*g - 2*f + 234 = 0, 2*g - 2*f + 68 = -86. Let d = g + 224. What is the hundreds digit of d?
1
Suppose 6*j = 7*j, -4*u + 6*u + 2*j = 84214. What is the hundreds digit of u?
1
What is the units digit of 80916/55*(9 + 12 + -6)?
8
Suppose -6794 = -19*a - 2272. What is the tens digit of a - (4 - 1)*2?
3
Let v be 5/(-4) + 4/16. Let q be -2*1*(-21)/14. What is the tens digit of (q - v)/((-4)/(-42))?
4
Let k = 0 + 9. Suppose k*u - 4*u - 1590 = 0. Let v = u + -182. What is the tens digit of v?
3
Let i be ((-200)/(-12)*-75)/(2 + -1). Let n(l) = -l**2 - 3*l + 4. Let z be n(-6). What is the tens digit of (-4)/z - i/35?
3
Let g(l) = l**2 + l + 233. Let f be g(0). Let u = 425 - f. Let a = u + -102. What is the tens digit of a?
9
Suppose -154*t + 252390 + 415638 - 51104 = 0. What is the tens digit of t?
0
Suppose r = -2*r - 2*v + 17578, 0 = -r + 4*v + 5836. What is the units digit of r?
6
Let p be (-2)/4*(2 + 0/(-4)). Let l = -9 - p. Let h(s) = -6*s + 3. What is the tens digit of h(l)?
5
Let t be ((-72)/(-5) - 10/25) + -4. Suppose -1345 = -t*l + 65. Suppose -l = 21*k - 24*k. What is the units digit of k?
7
Let v = 1480 - 334. What is the thousands digit of v?
1
Suppose 5*a - 3000 = 1900. Suppose -5*q + 24*h = 29*h - 4860, -q = -h - a. What is the units digit of q?
6
Let s = 60 - 35. Suppose -7*a + s = -10. Suppose 855 = 5*b + 5*j, -b + 182 = a*j + 7. What is the hundreds digit of b?
1
Let k = 25 + -15. Let o be 22/k - (-1)/(-5). Suppose 5*n - 6*c + o*c = 598, -2*c - 476 = -4*n. What is the tens digit of n?
1
Let k be -329*(3/9 + 44/84). Let b = k - -547. What is the tens digit of b?
6
Let j(m) = 621*m - 429. What is the hundreds digit of j(83)?
1
Let a(t) = t**2 - t - 7. Let u be a(4). Suppose 5*q - 2*f = 2*f + 298, 0 = -5*q + u*f + 300. What is the tens digit of q?
5
What is the thousands digit of -106658*(-4)/7 + 18 + 4773/(-259)?
0
Let y = -569 - -1058. Let k = 876 - y. What is the hundreds digit of k?
3
Suppose -5*u + 1 = -t + 4, 12 = 2*u + 4*t. Suppose -6*j + 5*j + 49 = u. What is the tens digit of j?
4
Suppose 2*s + 166438 = -84*l + 86*l, l - 83215 = -s. What is the tens digit of l?
1
Let t = -56 + 59. Suppose x - t*x - 308 = -f, f - 620 = 4*x. Let j = -84 - x. What is the units digit of j?
2
Let z = -599 - -622. Suppose 0 = -15*w + z*w - 10736. What is the hundreds digit of w?
3
Suppose 0 = 4*v + 5*u - 8697, -2*v - 155*u = -150*u - 4341. What is the tens digit of v?
7
Let f(t) = 25*t + 77. Let r(s) = 48*s + 154. Let o(m) = -5*f(m) + 2*r(m). What is the hundreds digit of o(-9)?
1
Suppose -53*q = z - 58*q - 36193, -5*q = 4*z - 144997. What is the ten thousands digit of z?
3
Let t = 1537 + 4359. What is the units digit of t?
6
Let p(i) = -6*i + 3. Let w be (10/9)/(-5) + 66/54. Let t be p(w). Let s(z) = 9*z**2 - z - 5. What is the units digit of s(t)?
9
Suppose 24 = 3*n + 3*l, -n = -3*l - 3 + 7. Suppose -2*f + 101 = 4*c + 1, -n*f = -3*c - 198. What is the units digit of f?
2
Let j = 364 - 427. Suppose 5*r = -3*k + 313, 3*k - 3*r - 345 = -0*k. Let x = j + k. What is the tens digit of x?
4
Let n = 175 + -1. Suppose -3*t = -21 - n. What is the tens digit of t?
6
Let x be (-8*(-6)/28)/(4/1470). Suppose -123*i = -118*i - x. What is the tens digit of i?
2
Let d(w) = 216*w - 62. Let z be d(6). What is the tens digit of (-6 + 3)*z/(-6)?
1
Let z(m) = -4*m - 52. Let u be z(-9). What is the tens digit of u + 17 + 563/1?
6
Suppose p = 4*i + 3*p - 48, 0 = 3*i + 5*p - 29. Let l(c) = 6*c + 103. What is the hundreds digit of l(i)?
1
Let k = 3 + 3. Let q(i) = -k*i - 8*i**2 + 36 - i**3 - 62 + 34. What is the units digit of q(-7)?
1
Suppose 34 = -83*w + 84*w. Let g = 116 - w. What is the units digit of g?
2
Suppose -19*a + 20*a - 4409 = -4*d, -5*d + 5520 = 3*a. Suppose -337 - 122 = -2*i + 5*v, -3*v = 5*i - d. What is the units digit of i?
2
Let t = 71127 + 9155. What is the thousands digit of t?
0
Let t = -17865 + 37616. What is the ten thousands digit of t?
1
Let l = 141 + -265. Let r = l + 243. Let o = r - -72. What is the tens digit of o?
9
Let r = -2426 - -7036. What is the hundreds digit of r?
6
Let z(c) = 200*c + 113. Let p(b) = 100*b + 57. Let i(u) = -5*p(u) + 2*z(u). What is the units digit of i(-6)?
1
Suppose 3*y + y = 20. Suppose -39 = -y*d + 201. Suppose m - 13 = d. What is the tens digit of m?
6
Let l(x) = -2*x**2 + 8*x + 29. Let n be l(6). Suppose -n*f - o + 860 = 0, 5*o - 14 = 5*f - 904. What is the hundreds digit of f?
1
Let t(f) = 13*f - 2. Let k be t(2). Let v(g) = g**2 + 4*g - 13. Let n be v(5). What is the tens digit of 26/((2/24)/(k/n))?
3
Let r = -15115 - -23572. What is the units digit of r?
7
Let a = 16442 - -822. What is the thousands digit of a?
7
Let n(j) = -7*j - 103. Let o be n(-13). What is the hundreds digit of (o/(-6))/(((-8)/(-1932))/2)?
9
Let y(i) = 637*i - 2257. What is the ten thousands digit of y(24)?
1
Suppose 2*g = -5*t - 4 + 32, -8 = -5*g + 3*t. Suppose g*r + 2*m - 7328 = 0, -r + 17*m + 1839 = 21*m. What is the tens digit of r?
3
What is the ten thousands digit of 7/(-13 + 19 + 28887/(-4815))?
1
Let a be 11/(-33) + (-18870)/9 + -3. Let l = -983 - a. What is the tens digit of l?
1
Let n(a) = a**3 + 7*a**2 + 3*a - 17. What is the units digit of n(5)?
8
Let s(m) = -380*m**3 + 34*m**2 + 80*m + 39. What is the units digit of s(-6)?
3
Suppose -151881 = -65*d + 114947 + 7082. What is the hundreds digit of d?
2
Let p = 8 + -6. Suppose 2*c = -3*q + 170, -q = p*c + 6 - 56. Let j = q - 41. What is the units digit of j?
9
Let k(l) = l**3 - 2*l**2 + 7*l + 1. Let p be k(3). Suppose 2*x - 22 = -4*q, -5*x + 0*x - 4*q = -p. What is the tens digit of (-9)/x + 106/2?
5
What is the tens digit of (8/6)/(78/264303)?
1
Let n(c) = 2*c**2 + 9*c - 17. Let b be n(8). Suppose 5*y = b + 37. Suppose -o + 99 = -y. What is the units digit of o?
3
Let a be -883 - (-6 + 8 + -7). What is the tens digit of a/6*1/(5/(-15))?
3
Let k be (-12)/30*-5 + 3. Suppose 0 = k*c - 279 - 271. What is the tens digit of c?
1
Let s be 1 - (0 - -5)*-2. Suppose -5*a + 4 = -s. Suppose -97 - 110 = -a*o. What is the tens digit of o?
6
What is the tens digit of (-347960800)/(-7744) - 2/(-44)?
3
Let m = 66 + -63. Suppose -m = -o - 0*o. Supp